emainder when 199 is divided by 25?
24
Calculate the remainder when 2264 is divided by 22.
20
Calculate the remainder when 563 is divided by 233.
97
Calculate the remainder when 1728 is divided by 169.
38
What is the remainder when 2933 is divided by 1458?
17
Calculate the remainder when 2557 is divided by 160.
157
Calculate the remainder when 632 is divided by 606.
26
Calculate the remainder when 238 is divided by 41.
33
What is the remainder when 406 is divided by 28?
14
Calculate the remainder when 615 is divided by 134.
79
What is the remainder when 1669 is divided by 2?
1
What is the remainder when 49 is divided by 26?
23
What is the remainder when 26 is divided by 7?
5
What is the remainder when 22995 is divided by 211?
207
Calculate the remainder when 124794 is divided by 55.
54
Calculate the remainder when 540 is divided by 101.
35
What is the remainder when 359 is divided by 111?
26
Calculate the remainder when 386 is divided by 40.
26
What is the remainder when 23248 is divided by 155?
153
What is the remainder when 1486 is divided by 302?
278
Calculate the remainder when 299 is divided by 45.
29
Calculate the remainder when 5760 is divided by 134.
132
Calculate the remainder when 83 is divided by 53.
30
What is the remainder when 1492 is divided by 88?
84
Calculate the remainder when 130 is divided by 66.
64
What is the remainder when 104 is divided by 61?
43
What is the remainder when 79 is divided by 15?
4
Calculate the remainder when 53 is divided by 14.
11
What is the remainder when 182 is divided by 22?
6
Calculate the remainder when 943 is divided by 43.
40
What is the remainder when 366 is divided by 22?
14
Calculate the remainder when 56 is divided by 42.
14
Calculate the remainder when 94 is divided by 16.
14
What is the remainder when 3633 is divided by 6?
3
Calculate the remainder when 206 is divided by 16.
14
Calculate the remainder when 2470 is divided by 307.
14
Calculate the remainder when 2200 is divided by 49.
44
What is the remainder when 139 is divided by 16?
11
Calculate the remainder when 2155 is divided by 16.
11
What is the remainder when 2362 is divided by 5?
2
What is the remainder when 398 is divided by 80?
78
Calculate the remainder when 517 is divided by 8.
5
What is the remainder when 422 is divided by 11?
4
What is the remainder when 347 is divided by 25?
22
Calculate the remainder when 657 is divided by 325.
7
What is the remainder when 780 is divided by 770?
10
Calculate the remainder when 194 is divided by 88.
18
Calculate the remainder when 85 is divided by 5.
0
What is the remainder when 1552 is divided by 9?
4
Calculate the remainder when 3531 is divided by 114.
111
Calculate the remainder when 408 is divided by 71.
53
What is the remainder when 2704 is divided by 159?
1
What is the remainder when 1421 is divided by 96?
77
Calculate the remainder when 1097 is divided by 40.
17
Calculate the remainder when 286 is divided by 204.
82
Calculate the remainder when 555 is divided by 113.
103
Calculate the remainder when 87 is divided by 25.
12
Calculate the remainder when 103 is divided by 53.
50
What is the remainder when 45 is divided by 18?
9
Calculate the remainder when 369 is divided by 32.
17
Calculate the remainder when 223 is divided by 42.
13
What is the remainder when 283 is divided by 19?
17
Calculate the remainder when 1036 is divided by 52.
48
Calculate the remainder when 1792 is divided by 18.
10
What is the remainder when 984 is divided by 135?
39
What is the remainder when 91 is divided by 51?
40
Calculate the remainder when 10582 is divided by 7.
5
What is the remainder when 5280 is divided by 19?
17
Calculate the remainder when 10304 is divided by 15.
14
What is the remainder when 337 is divided by 9?
4
Calculate the remainder when 1466 is divided by 6.
2
What is the remainder when 2697 is divided by 73?
69
What is the remainder when 31 is divided by 17?
14
What is the remainder when 662 is divided by 19?
16
Calculate the remainder when 3060 is divided by 609.
15
Calculate the remainder when 7876 is divided by 44.
0
Calculate the remainder when 813 is divided by 9.
3
Calculate the remainder when 377 is divided by 48.
41
What is the remainder when 159 is divided by 38?
7
Calculate the remainder when 35 is divided by 4.
3
What is the remainder when 14319 is divided by 25?
19
What is the remainder when 318 is divided by 84?
66
Calculate the remainder when 1925 is divided by 14.
7
Calculate the remainder when 515 is divided by 10.
5
Calculate the remainder when 122 is divided by 27.
14
What is the remainder when 568 is divided by 6?
4
Calculate the remainder when 928 is divided by 15.
13
Calculate the remainder when 1392 is divided by 8.
0
What is the remainder when 16215 is divided by 51?
48
What is the remainder when 134 is divided by 38?
20
What is the remainder when 21 is divided by 5?
1
Calculate the remainder when 105 is divided by 27.
24
Calculate the remainder when 312 is divided by 62.
2
Calculate the remainder when 18323 is divided by 21.
11
Calculate the remainder when 351 is divided by 88.
87
Calculate the remainder when 124 is divided by 18.
16
What is the remainder when 237 is divided by 54?
21
What is the remainder when 139 is divided by 32?
11
What is the remainder when 180 is divided by 11?
4
Calculate the remainder when 44 is divided by 9.
8
Calculate the remainder when 372 is divided by 25.
22
What is the remainder when 4894 is divided by 1628?
10
Calculate the remainder when 2192 is divided by 138.
122
What is the remainder when 110 is divided by 2?
0
Calculate the remainder when 600 is divided by 38.
30
What is the remainder when 42 is divided by 28?
14
What is the remainder when 90 is divided by 10?
0
What is the remainder when 918 is divided by 92?
90
What is the remainder when 27 is divided by 3?
0
What is the remainder when 942 is divided by 88?
62
Calculate the remainder when 36 is divided by 33.
3
What is the remainder when 387 is divided by 37?
17
What is the remainder when 1338 is divided by 17?
12
Calculate the remainder when 7 is divided by 7.
0
Calculate the remainder when 1612 is divided by 11.
6
What is the remainder when 582 is divided by 65?
62
Calculate the remainder when 3192 is divided by 71.
68
What is the remainder when 1099 is divided by 61?
1
What is the remainder when 136277 is divided by 339?
338
Calculate the remainder when 116 is divided by 60.
56
Calculate the remainder when 963 is divided by 10.
3
Calculate the remainder when 969 is divided by 70.
59
Calculate the remainder when 154 is divided by 55.
44
Calculate the remainder when 260 is divided by 87.
86
What is the remainder when 4621 is divided by 5?
1
What is the remainder when 325 is divided by 211?
114
Calculate the remainder when 3 is divided by 3.
0
Calculate the remainder when 1401 is divided by 12.
9
Calculate the remainder when 427 is divided by 44.
31
Calculate the remainder when 1652 is divided by 139.
123
What is the remainder when 97 is divided by 51?
46
What is the remainder when 791 is divided by 30?
11
What is the remainder when 1389 is divided by 48?
45
Calculate the remainder when 124 is divided by 14.
12
What is the remainder when 4675 is divided by 77?
55
What is the remainder when 1311 is divided by 365?
216
What is the remainder when 180 is divided by 86?
8
Calculate the remainder when 19099 is divided by 50.
49
What is the remainder when 5127 is divided by 10?
7
Calculate the remainder when 606 is divided by 583.
23
Calculate the remainder when 1062 is divided by 82.
78
Calculate the remainder when 85 is divided by 10.
5
Calculate the remainder when 129 is divided by 44.
41
Calculate the remainder when 218 is divided by 9.
2
What is the remainder when 2258 is divided by 113?
111
What is the remainder when 1335 is divided by 49?
12
What is the remainder when 285 is divided by 24?
21
What is the remainder when 287 is divided by 32?
31
Calculate the remainder when 671 is divided by 14.
13
Calculate the remainder when 1044 is divided by 11.
10
Calculate the remainder when 69 is divided by 36.
33
What is the remainder when 95 is divided by 86?
9
Calculate the remainder when 8846 is divided by 3.
2
What is the remainder when 856 is divided by 41?
36
What is the remai